{"id":572,"date":"2024-04-17T16:43:51","date_gmt":"2024-04-17T14:43:51","guid":{"rendered":"https:\/\/granelwine.com\/privacy-and-data-protection-policy\/"},"modified":"2025-06-26T17:08:07","modified_gmt":"2025-06-26T15:08:07","slug":"politica-de-privacidad-y-proteccion-de-datos","status":"publish","type":"page","link":"https:\/\/granelwine.com\/es\/politica-de-privacidad-y-proteccion-de-datos\/","title":{"rendered":"Pol\u00edtica de privacidad y protecci\u00f3n de datos"},"content":{"rendered":"\t\t<div data-elementor-type=\"wp-page\" data-elementor-id=\"572\" class=\"elementor elementor-572 elementor-562\" data-elementor-post-type=\"page\">\n\t\t\t\t<div class=\"elementor-element elementor-element-bdc99a7 e-flex e-con-boxed e-con e-parent\" data-id=\"bdc99a7\" data-element_type=\"container\">\n\t\t\t\t\t<div class=\"e-con-inner\">\n\t\t\t\t<div class=\"elementor-element elementor-element-d92217f elementor-widget elementor-widget-text-editor\" data-id=\"d92217f\" data-element_type=\"widget\" data-widget_type=\"text-editor.default\">\n\t\t\t\t<div class=\"elementor-widget-container\">\n\t\t\t<style>\/*! elementor - v3.21.0 - 18-04-2024 *\/\n.elementor-widget-text-editor.elementor-drop-cap-view-stacked .elementor-drop-cap{background-color:#69727d;color:#fff}.elementor-widget-text-editor.elementor-drop-cap-view-framed .elementor-drop-cap{color:#69727d;border:3px solid;background-color:transparent}.elementor-widget-text-editor:not(.elementor-drop-cap-view-default) .elementor-drop-cap{margin-top:8px}.elementor-widget-text-editor:not(.elementor-drop-cap-view-default) .elementor-drop-cap-letter{width:1em;height:1em}.elementor-widget-text-editor .elementor-drop-cap{float:left;text-align:center;line-height:1;font-size:50px}.elementor-widget-text-editor .elementor-drop-cap-letter{display:inline-block}<\/style>\t\t\t\t<div id=\"formulario_datos\"><div class=\"widget-body\"><div class=\"widget-body row\"><div class=\"input-icon-text input-group col-xs-12 col-sm-12 pull-left \"><h4>Informacion sobre Protecci\u00f3n de Datos<\/h4><br \/><ol><li style=\"list-style-type: none;\"><ol><li><strong>Datos relativos al Responsable<\/strong><\/li><\/ol><\/li><\/ol><b>Responsable Tratamiento<\/b><br \/><ol><li style=\"list-style-type: none;\"><ol>\u00a0\u00a0&#8211; Entidad: GRANELWINE CONSULTANTS SL<\/ol><\/li><\/ol><br \/><ol><li style=\"list-style-type: none;\"><ol>\u00a0\u00a0&#8211; CIF de la entidad: B66672213<\/ol><\/li><\/ol><br \/><ol><li style=\"list-style-type: none;\"><ol>\u00a0\u00a0&#8211; Direccion de la entidad: CALLE BISBE MORGADES N.23 2 -2 &#8211; (08720) VILAFRANCA DEL PENEDES<\/ol><\/li><\/ol><br \/><ol><li style=\"list-style-type: none;\"><ol>\u00a0\u00a0&#8211; Email de la entidad: MERCE@GRANELWINE.COM<\/ol><\/li><\/ol><br \/><ol><li style=\"list-style-type: none;\"><ol>\u00a0\u00a0&#8211; Responsable del tratamiento : MERCE LLOSAS VIA<\/ol><\/li><\/ol><br \/><ol><li style=\"list-style-type: none;\"><ol>\u00a0\u00a0&#8211; Tel\u00e9fono del Responsable del tratamiento : 618731761<\/ol><\/li><\/ol><br \/><ol><li style=\"list-style-type: none;\"><ol>\u00a0\u00a0&#8211; Direcci\u00f3n email del Responsable del tratamiento : MERCE@GRANELWINE.COM<\/ol><\/li><\/ol><br \/><br \/><br \/><ol><li style=\"list-style-type: none;\"><ol><li><strong>Finalidades<\/strong><\/li><\/ol><\/li><\/ol><br \/><p>En cumplimiento de lo dispuesto en el Reglamento Europeo 2016\/679 General de Protecci\u00f3n de Datos y la Ley Org\u00e1nica 3\/2018 de Protecci\u00f3n de Datos Personales y Garant\u00eda de Derechos Digitales, le informamos de que, dependiendo de la relaci\u00f3n que tenga con nosotros, en <strong>GRANELWINE CONSULTANTS SL<\/strong> tratamos los datos que nos facilita para alguna, o todas, las siguientes finalidades:<\/p><ol><li style=\"list-style-type: none;\"><ol><li style=\"list-style-type: none;\"><ul><li>Compra\/venta de bienes y servicios.<\/li><li>Env\u00edo de informaci\u00f3n comercial de la entidad mediante correo postal, correo electr\u00f3nico u otros<\/li><li>Env\u00edos de informaci\u00f3n rec\u00edproca mediante la plataforma whatsapp, sin que el Responsable pueda asegurar que dicha plataforma tome medidas de seguridad y realicen tratamientos adecuados al RGPD y la LOPDGDD<\/li><li>Gesti\u00f3n contable, administrativa, de facturaci\u00f3n y gesti\u00f3n de cobros.<\/li><li>Informaci\u00f3n procedente de Cookies<\/li><li>Prestarles un servicio<\/li><li>Realizar llamadas con fines comerciales<\/li><li>Servicio postventa y fidelizaci\u00f3n<\/li><li>Servicio postventa y fidelizaci\u00f3n.<\/li><li>Tramitaci\u00f3n de presupuestos<\/li><\/ul><\/li><\/ol><\/li><\/ol><br \/><ol><li style=\"list-style-type: none;\"><ol><li><strong>Plazo de conservaci\u00f3n de los datos<\/strong><\/li><\/ol><\/li><\/ol><br \/><p>Sus datos ser\u00e1n conservados por un plazo de indefinido. En el caso que requiera su eliminaci\u00f3n de forma anticipada, solic\u00edtelo mediante el ejercicio del derecho de supresi\u00f3n. As\u00ed mismo, los datos que por motivos legales deban ser almacenados durante un tiempo necesario para cumplir normas espec\u00edficas, ser\u00e1n bloqueados y \u00fanicamente estar\u00e1n a disposici\u00f3n de la autoridad p\u00fablica correspondiente.<\/p><br \/><ol><li style=\"list-style-type: none;\"><ol><li><strong>Legitimaci\u00f3n<\/strong><\/li><\/ol><\/li><\/ol><br \/><p>La base legal para el tratamiento de tus datos radica por:<\/p><ol><li style=\"list-style-type: none;\"><ol><li style=\"list-style-type: none;\"><ul><li>Consentimiento inequ\u00edvoco<\/li><li>Consentimiento inequ\u00edvoco<\/li><\/ul><\/li><\/ol><\/li><\/ol><br \/><ol><li style=\"list-style-type: none;\"><ol><li><strong>Destinatarios<\/strong><\/li><\/ol><\/li><\/ol><br \/><p>Sus datos personales ser\u00e1n comunicados a terceros en los siguientes supuestos:<\/p><ol><li style=\"list-style-type: none;\"><ol><li style=\"list-style-type: none;\"><ul><li>Administraci\u00f3n tributaria<\/li><li>Bancos y entidades financieras<\/li><li>Encargados del tratamiento para la coordinaci\u00f3n de actividades empresariales<\/li><li>Gestor\u00eda\/Asesor\u00eda<\/li><li>No comparto los datos con terceros.<\/li><\/ul><\/li><\/ol><\/li><\/ol><br \/><ol><li style=\"list-style-type: none;\"><ol><li><strong>Derechos<\/strong><\/li><\/ol><\/li><\/ol><br \/><p>Tiene derecho a obtener confirmaci\u00f3n sobre si en <strong>GRANELWINE CONSULTANTS SL<\/strong> estamos tratando datos personales que le conciernan, o no.<\/p><p>Asimismo, tiene derecho de acceso a sus datos personales, as\u00ed como a solicitar la <em>rectificaci\u00f3n<\/em> de los datos inexactos o, en su caso, solicitar su <em>supresi\u00f3n<\/em> cuando, entre otros motivos, los datos ya no sean necesarios para los fines que fueron recogidos.<\/p><p>En determinadas circunstancias, podr\u00e1 solicitar la <em>limitaci\u00f3n del tratamiento<\/em> de sus datos, en cuyo caso \u00fanicamente los conservaremos para el ejercicio o la defensa de reclamaciones.<\/p><p>Adicionalmente, en determinadas circunstancias y por motivos relacionados con tu situaci\u00f3n particular, podr\u00e1 ejercer el derecho de <em>oposici\u00f3n<\/em> al tratamiento de sus datos. <strong>GRANELWINE CONSULTANTS SL<\/strong> dejar\u00e1 de tratar los datos, salvo por motivos leg\u00edtimos imperiosos, o el ejercicio o la defensa de posibles reclamaciones.<\/p><p>Asimismo, puede ejercer el derecho a la <em>portabilidad<\/em> de los datos, as\u00ed como retirar los consentimientos facilitados en cualquier momento, sin que ello afecte a la licitud del tratamiento basado en el consentimiento previo a su retirada.<\/p><p>Si desea hacer uso de cualquiera de tus derechos puede realizarlos a trav\u00e9s de los enlaces habilitados que encontrar\u00e1 a continuaci\u00f3n:<\/p><ol><li style=\"list-style-type: none;\"><ol><li style=\"list-style-type: none;\"><ul><li>Para ejercer su derecho de <strong>Acceso<\/strong> haga clic <a href=\"https:\/\/intranet.laboralrgpd.com\/webApp\/clientes_derechos\/derechos-formulario.php?id_cliente=Vm8wVENCbGoyMGJlTmpqQWdCdWhVZz09\" target=\"_blank\" rel=\"noopener\">aqu\u00ed<\/a><\/li><li>Para ejercer su derecho de <strong>Rectificaci\u00f3n<\/strong> haga clic <a href=\"https:\/\/intranet.laboralrgpd.com\/webApp\/clientes_derechos\/derechos-formulario.php?id_cliente=Vm8wVENCbGoyMGJlTmpqQWdCdWhVZz09\" target=\"_blank\" rel=\"noopener\">aqu\u00ed<\/a><\/li><li>Para ejercer su derecho de <strong>Supresi\u00f3n (Olvido)<\/strong> haga clic <a href=\"https:\/\/intranet.laboralrgpd.com\/webApp\/clientes_derechos\/derechos-formulario.php?id_cliente=Vm8wVENCbGoyMGJlTmpqQWdCdWhVZz09\" target=\"_blank\" rel=\"noopener\">aqu\u00ed<\/a><\/li><li>Para ejercer su derecho de <strong>Limitaci\u00f3n del Tratamiento<\/strong> haga clic <a href=\"https:\/\/intranet.laboralrgpd.com\/webApp\/clientes_derechos\/derechos-formulario.php?id_cliente=Vm8wVENCbGoyMGJlTmpqQWdCdWhVZz09\" target=\"_blank\" rel=\"noopener\">aqu\u00ed<\/a><\/li><li>Para ejercer su derecho de <strong>Oposici\u00f3n<\/strong> haga clic <a href=\"https:\/\/intranet.laboralrgpd.com\/webApp\/clientes_derechos\/derechos-formulario.php?id_cliente=Vm8wVENCbGoyMGJlTmpqQWdCdWhVZz09\" target=\"_blank\" rel=\"noopener\">aqu\u00ed<\/a><\/li><li>Para ejercer su derecho de <strong>Portabilidad<\/strong> haga clic <a href=\"https:\/\/intranet.laboralrgpd.com\/webApp\/clientes_derechos\/derechos-formulario.php?id_cliente=Vm8wVENCbGoyMGJlTmpqQWdCdWhVZz09\" target=\"_blank\" rel=\"noopener\">aqu\u00ed<\/a><\/li><\/ul><\/li><\/ol><\/li><\/ol><p>Alternativamente, tambi\u00e9n puede dirigirse a nosotros mediante correo postal a la siguiente direcci\u00f3n: <strong>CALLE BISBE MORGADES N.23 2 -2 &#8211; (08720) VILAFRANCA DEL PENEDES<\/strong> adjuntado una fotocopia del DNI, para la certeza de su identidad. Recuerde facilitar la mayor informaci\u00f3n posible sobre su solicitud: Nombre y apellidos, direcci\u00f3n de correo electr\u00f3nico que utiliza para la cuenta o portal objeto de tu solicitud.<\/p><p>Por \u00faltimo, le informamos que puede dirigirse ante la Agencia Espa\u00f1ola de Protecci\u00f3n de Datos y dem\u00e1s organismos p\u00fablicos competentes para cualquier reclamaci\u00f3n derivada del tratamiento de tus datos personales.<\/p><\/div><\/div><\/div><\/div>\t\t\t\t\t\t<\/div>\n\t\t\t\t<\/div>\n\t\t\t\t\t<\/div>\n\t\t\t\t<\/div>\n\t\t\t\t<\/div>\n\t\t","protected":false},"excerpt":{"rendered":"<p>Informacion sobre Protecci\u00f3n de Datos Datos relativos al Responsable Responsable Tratamiento \u00a0\u00a0&#8211; Entidad: GRANELWINE CONSULTANTS SL \u00a0\u00a0&#8211; CIF de la entidad: B66672213 \u00a0\u00a0&#8211; Direccion de la entidad: CALLE BISBE MORGADES N.23 2 -2 &#8211; (08720) VILAFRANCA DEL PENEDES \u00a0\u00a0&#8211; Email de la entidad: MERCE@GRANELWINE.COM \u00a0\u00a0&#8211; Responsable del tratamiento : MERCE LLOSAS VIA \u00a0\u00a0&#8211; Tel\u00e9fono del [&hellip;]<\/p>\n","protected":false},"author":1,"featured_media":0,"parent":0,"menu_order":0,"comment_status":"closed","ping_status":"closed","template":"","meta":{"footnotes":""},"class_list":["post-572","page","type-page","status-publish","hentry"],"_links":{"self":[{"href":"https:\/\/granelwine.com\/es\/wp-json\/wp\/v2\/pages\/572","targetHints":{"allow":["GET"]}}],"collection":[{"href":"https:\/\/granelwine.com\/es\/wp-json\/wp\/v2\/pages"}],"about":[{"href":"https:\/\/granelwine.com\/es\/wp-json\/wp\/v2\/types\/page"}],"author":[{"embeddable":true,"href":"https:\/\/granelwine.com\/es\/wp-json\/wp\/v2\/users\/1"}],"replies":[{"embeddable":true,"href":"https:\/\/granelwine.com\/es\/wp-json\/wp\/v2\/comments?post=572"}],"version-history":[{"count":7,"href":"https:\/\/granelwine.com\/es\/wp-json\/wp\/v2\/pages\/572\/revisions"}],"predecessor-version":[{"id":733,"href":"https:\/\/granelwine.com\/es\/wp-json\/wp\/v2\/pages\/572\/revisions\/733"}],"wp:attachment":[{"href":"https:\/\/granelwine.com\/es\/wp-json\/wp\/v2\/media?parent=572"}],"curies":[{"name":"wp","href":"https:\/\/api.w.org\/{rel}","templated":true}]}}

Política de privacidad y protección de datos

<div data-elementor-type="wp-page" data-elementor-id="572" class="elementor elementor-572 elementor-562" data-elementor-post-type="page">
				<div class="elementor-element elementor-element-bdc99a7 e-flex e-con-boxed e-con e-parent" data-id="bdc99a7" data-element_type="container">
					<div class="e-con-inner">
				<div class="elementor-element elementor-element-d92217f elementor-widget elementor-widget-text-editor" data-id="d92217f" data-element_type="widget" data-widget_type="text-editor.default">
				<div class="elementor-widget-container">
			<style>/*! elementor - v3.21.0 - 18-04-2024 */
.elementor-widget-text-editor.elementor-drop-cap-view-stacked .elementor-drop-cap{background-color:#69727d;color:#fff}.elementor-widget-text-editor.elementor-drop-cap-view-framed .elementor-drop-cap{color:#69727d;border:3px solid;background-color:transparent}.elementor-widget-text-editor:not(.elementor-drop-cap-view-default) .elementor-drop-cap{margin-top:8px}.elementor-widget-text-editor:not(.elementor-drop-cap-view-default) .elementor-drop-cap-letter{width:1em;height:1em}.elementor-widget-text-editor .elementor-drop-cap{float:left;text-align:center;line-height:1;font-size:50px}.elementor-widget-text-editor .elementor-drop-cap-letter{display:inline-block}</style>				<div id="formulario_datos"><div class="widget-body"><div class="widget-body row"><div class="input-icon-text input-group col-xs-12 col-sm-12 pull-left "><h4>Informacion sobre Protección de Datos</h4><br /><ol><li style="list-style-type: none;"><ol><li><strong>Datos relativos al Responsable</strong></li></ol></li></ol><b>Responsable Tratamiento</b><br /><ol><li style="list-style-type: none;"><ol>  &#8211; Entidad: GRANELWINE CONSULTANTS SL</ol></li></ol><br /><ol><li style="list-style-type: none;"><ol>  &#8211; CIF de la entidad: B66672213</ol></li></ol><br /><ol><li style="list-style-type: none;"><ol>  &#8211; Direccion de la entidad: CALLE BISBE MORGADES N.23 2 -2 &#8211; (08720) VILAFRANCA DEL PENEDES</ol></li></ol><br /><ol><li style="list-style-type: none;"><ol>  &#8211; Email de la entidad: MERCE@GRANELWINE.COM</ol></li></ol><br /><ol><li style="list-style-type: none;"><ol>  &#8211; Responsable del tratamiento : MERCE LLOSAS VIA</ol></li></ol><br /><ol><li style="list-style-type: none;"><ol>  &#8211; Teléfono del Responsable del tratamiento : 618731761</ol></li></ol><br /><ol><li style="list-style-type: none;"><ol>  &#8211; Dirección email del Responsable del tratamiento : MERCE@GRANELWINE.COM</ol></li></ol><br /><br /><br /><ol><li style="list-style-type: none;"><ol><li><strong>Finalidades</strong></li></ol></li></ol><br /><p>En cumplimiento de lo dispuesto en el Reglamento Europeo 2016/679 General de Protección de Datos y la Ley Orgánica 3/2018 de Protección de Datos Personales y Garantía de Derechos Digitales, le informamos de que, dependiendo de la relación que tenga con nosotros, en <strong>GRANELWINE CONSULTANTS SL</strong> tratamos los datos que nos facilita para alguna, o todas, las siguientes finalidades:</p><ol><li style="list-style-type: none;"><ol><li style="list-style-type: none;"><ul><li>Compra/venta de bienes y servicios.</li><li>Envío de información comercial de la entidad mediante correo postal, correo electrónico u otros</li><li>Envíos de información recíproca mediante la plataforma whatsapp, sin que el Responsable pueda asegurar que dicha plataforma tome medidas de seguridad y realicen tratamientos adecuados al RGPD y la LOPDGDD</li><li>Gestión contable, administrativa, de facturación y gestión de cobros.</li><li>Información procedente de Cookies</li><li>Prestarles un servicio</li><li>Realizar llamadas con fines comerciales</li><li>Servicio postventa y fidelización</li><li>Servicio postventa y fidelización.</li><li>Tramitación de presupuestos</li></ul></li></ol></li></ol><br /><ol><li style="list-style-type: none;"><ol><li><strong>Plazo de conservación de los datos</strong></li></ol></li></ol><br /><p>Sus datos serán conservados por un plazo de indefinido. En el caso que requiera su eliminación de forma anticipada, solicítelo mediante el ejercicio del derecho de supresión. Así mismo, los datos que por motivos legales deban ser almacenados durante un tiempo necesario para cumplir normas específicas, serán bloqueados y únicamente estarán a disposición de la autoridad pública correspondiente.</p><br /><ol><li style="list-style-type: none;"><ol><li><strong>Legitimación</strong></li></ol></li></ol><br /><p>La base legal para el tratamiento de tus datos radica por:</p><ol><li style="list-style-type: none;"><ol><li style="list-style-type: none;"><ul><li>Consentimiento inequívoco</li><li>Consentimiento inequívoco</li></ul></li></ol></li></ol><br /><ol><li style="list-style-type: none;"><ol><li><strong>Destinatarios</strong></li></ol></li></ol><br /><p>Sus datos personales serán comunicados a terceros en los siguientes supuestos:</p><ol><li style="list-style-type: none;"><ol><li style="list-style-type: none;"><ul><li>Administración tributaria</li><li>Bancos y entidades financieras</li><li>Encargados del tratamiento para la coordinación de actividades empresariales</li><li>Gestoría/Asesoría</li><li>No comparto los datos con terceros.</li></ul></li></ol></li></ol><br /><ol><li style="list-style-type: none;"><ol><li><strong>Derechos</strong></li></ol></li></ol><br /><p>Tiene derecho a obtener confirmación sobre si en <strong>GRANELWINE CONSULTANTS SL</strong> estamos tratando datos personales que le conciernan, o no.</p><p>Asimismo, tiene derecho de acceso a sus datos personales, así como a solicitar la <em>rectificación</em> de los datos inexactos o, en su caso, solicitar su <em>supresión</em> cuando, entre otros motivos, los datos ya no sean necesarios para los fines que fueron recogidos.</p><p>En determinadas circunstancias, podrá solicitar la <em>limitación del tratamiento</em> de sus datos, en cuyo caso únicamente los conservaremos para el ejercicio o la defensa de reclamaciones.</p><p>Adicionalmente, en determinadas circunstancias y por motivos relacionados con tu situación particular, podrá ejercer el derecho de <em>oposición</em> al tratamiento de sus datos. <strong>GRANELWINE CONSULTANTS SL</strong> dejará de tratar los datos, salvo por motivos legítimos imperiosos, o el ejercicio o la defensa de posibles reclamaciones.</p><p>Asimismo, puede ejercer el derecho a la <em>portabilidad</em> de los datos, así como retirar los consentimientos facilitados en cualquier momento, sin que ello afecte a la licitud del tratamiento basado en el consentimiento previo a su retirada.</p><p>Si desea hacer uso de cualquiera de tus derechos puede realizarlos a través de los enlaces habilitados que encontrará a continuación:</p><ol><li style="list-style-type: none;"><ol><li style="list-style-type: none;"><ul><li>Para ejercer su derecho de <strong>Acceso</strong> haga clic <a href="https://intranet.laboralrgpd.com/webApp/clientes_derechos/derechos-formulario.php?id_cliente=Vm8wVENCbGoyMGJlTmpqQWdCdWhVZz09" target="_blank" rel="noopener">aquí</a></li><li>Para ejercer su derecho de <strong>Rectificación</strong> haga clic <a href="https://intranet.laboralrgpd.com/webApp/clientes_derechos/derechos-formulario.php?id_cliente=Vm8wVENCbGoyMGJlTmpqQWdCdWhVZz09" target="_blank" rel="noopener">aquí</a></li><li>Para ejercer su derecho de <strong>Supresión (Olvido)</strong> haga clic <a href="https://intranet.laboralrgpd.com/webApp/clientes_derechos/derechos-formulario.php?id_cliente=Vm8wVENCbGoyMGJlTmpqQWdCdWhVZz09" target="_blank" rel="noopener">aquí</a></li><li>Para ejercer su derecho de <strong>Limitación del Tratamiento</strong> haga clic <a href="https://intranet.laboralrgpd.com/webApp/clientes_derechos/derechos-formulario.php?id_cliente=Vm8wVENCbGoyMGJlTmpqQWdCdWhVZz09" target="_blank" rel="noopener">aquí</a></li><li>Para ejercer su derecho de <strong>Oposición</strong> haga clic <a href="https://intranet.laboralrgpd.com/webApp/clientes_derechos/derechos-formulario.php?id_cliente=Vm8wVENCbGoyMGJlTmpqQWdCdWhVZz09" target="_blank" rel="noopener">aquí</a></li><li>Para ejercer su derecho de <strong>Portabilidad</strong> haga clic <a href="https://intranet.laboralrgpd.com/webApp/clientes_derechos/derechos-formulario.php?id_cliente=Vm8wVENCbGoyMGJlTmpqQWdCdWhVZz09" target="_blank" rel="noopener">aquí</a></li></ul></li></ol></li></ol><p>Alternativamente, también puede dirigirse a nosotros mediante correo postal a la siguiente dirección: <strong>CALLE BISBE MORGADES N.23 2 -2 &#8211; (08720) VILAFRANCA DEL PENEDES</strong> adjuntado una fotocopia del DNI, para la certeza de su identidad. Recuerde facilitar la mayor información posible sobre su solicitud: Nombre y apellidos, dirección de correo electrónico que utiliza para la cuenta o portal objeto de tu solicitud.</p><p>Por último, le informamos que puede dirigirse ante la Agencia Española de Protección de Datos y demás organismos públicos competentes para cualquier reclamación derivada del tratamiento de tus datos personales.</p></div></div></div></div>						</div>
				</div>
					</div>
				</div>
				</div>

<p>Informacion sobre Protección de Datos Datos relativos al Responsable Responsable Tratamiento   &#8211; Entidad: GRANELWINE CONSULTANTS SL   &#8211; CIF de la entidad: B66672213   &#8211; Direccion de la entidad: CALLE BISBE MORGADES N.23 2 -2 &#8211; (08720) VILAFRANCA DEL PENEDES   &#8211; Email de la entidad: MERCE@GRANELWINE.COM   &#8211; Responsable del tratamiento : MERCE LLOSAS VIA   &#8211; Teléfono del [&hellip;]</p>
